{"id":4560,"date":"2022-05-11T05:28:25","date_gmt":"2022-05-11T05:28:25","guid":{"rendered":"https:\/\/bodegavulcano.es\/canarias\/?post_type=product&#038;p=4560"},"modified":"2025-09-01T11:42:57","modified_gmt":"2025-09-01T10:42:57","slug":"liquen-diego","status":"publish","type":"product","link":"https:\/\/bodegavulcano.es\/canarias\/producto\/liquen-diego\/","title":{"rendered":"Liquen Diego Ecol\u00f3gico"},"content":{"rendered":"","protected":false},"excerpt":{"rendered":"<div class=\"row\">\n<div class=\"product-description col-md-12\">\n<p><strong>Variedad<\/strong>: 100% Diego.<\/p>\n<p><strong>Visual:<\/strong> Color amarillo lim\u00f3n con ribetes verdosos.<\/p>\n<p><strong>Olfativa:<\/strong> Nariz limpia de intensidad media alta con aromas de fruta blanca de hueso como el melocot\u00f3n, nectarina o n\u00edspero. Notas c\u00edtricas como la piel de naranja y aromas que recuerdan a fruta tropical como la fruta de la pasi\u00f3n. Destacan las flores blancas, ligeramente vainilla y frutos secos.<\/p>\n<p><strong>Temperatura<\/strong> ideal de servicio 6\u00ba-8\u00ba grados.<\/p>\n<p>Contiene sulfitos<\/p>\n<\/div>\n<\/div>\n<hr \/>\n","protected":false},"featured_media":4579,"comment_status":"open","ping_status":"closed","template":"","meta":[],"product_brand":[],"product_cat":[52],"product_tag":[],"class_list":{"0":"post-4560","1":"product","2":"type-product","3":"status-publish","4":"has-post-thumbnail","6":"product_cat-vulcano","8":"first","9":"instock","10":"shipping-taxable","11":"purchasable","12":"product-type-simple"},"_links":{"self":[{"href":"https:\/\/bodegavulcano.es\/canarias\/wp-json\/wp\/v2\/product\/4560","targetHints":{"allow":["GET"]}}],"collection":[{"href":"https:\/\/bodegavulcano.es\/canarias\/wp-json\/wp\/v2\/product"}],"about":[{"href":"https:\/\/bodegavulcano.es\/canarias\/wp-json\/wp\/v2\/types\/product"}],"replies":[{"embeddable":true,"href":"https:\/\/bodegavulcano.es\/canarias\/wp-json\/wp\/v2\/comments?post=4560"}],"wp:featuredmedia":[{"embeddable":true,"href":"https:\/\/bodegavulcano.es\/canarias\/wp-json\/wp\/v2\/media\/4579"}],"wp:attachment":[{"href":"https:\/\/bodegavulcano.es\/canarias\/wp-json\/wp\/v2\/media?parent=4560"}],"wp:term":[{"taxonomy":"product_brand","embeddable":true,"href":"https:\/\/bodegavulcano.es\/canarias\/wp-json\/wp\/v2\/product_brand?post=4560"},{"taxonomy":"product_cat","embeddable":true,"href":"https:\/\/bodegavulcano.es\/canarias\/wp-json\/wp\/v2\/product_cat?post=4560"},{"taxonomy":"product_tag","embeddable":true,"href":"https:\/\/bodegavulcano.es\/canarias\/wp-json\/wp\/v2\/product_tag?post=4560"}],"curies":[{"name":"wp","href":"https:\/\/api.w.org\/{rel}","templated":true}]}}